prime factors of 23802661.
23802661
What are the prime factors of 138991?
131, 1061
What are the prime factors of 3903510?
2, 3, 5, 13, 10009
List the prime factors of 1366966.
2, 683483
List the prime factors of 13043156.
2, 7, 29, 16063
List the prime factors of 8633.
89, 97
List the prime factors of 12882863.
7, 881, 2089
What are the prime factors of 100004?
2, 23, 1087
What are the prime factors of 6570331?
521, 12611
List the prime factors of 2858599.
2858599
List the prime factors of 282510.
2, 3, 5, 43, 73
List the prime factors of 10096922.
2, 11, 73, 6287
List the prime factors of 5749645.
5, 11, 107, 977
List the prime factors of 249407.
17, 863
What are the prime factors of 14942?
2, 31, 241
What are the prime factors of 2655556?
2, 757, 877
What are the prime factors of 7797787?
37, 73, 2887
What are the prime factors of 890959?
59, 15101
List the prime factors of 9509548.
2, 421, 5647
What are the prime factors of 7807128?
2, 3, 7, 46471
What are the prime factors of 9756070?
2, 5, 311, 3137
What are the prime factors of 8532227?
11, 233, 3329
What are the prime factors of 1111589?
239, 4651
What are the prime factors of 289990?
2, 5, 47, 617
What are the prime factors of 241180?
2, 5, 31, 389
What are the prime factors of 1001249?
17, 58897
What are the prime factors of 414199?
414199
List the prime factors of 1080277.
11, 98207
List the prime factors of 352231.
11, 41, 71
What are the prime factors of 7905551?
7905551
What are the prime factors of 1686815?
5, 13, 25951
List the prime factors of 991512.
2, 3, 47, 293
List the prime factors of 17809.
11, 1619
List the prime factors of 3864887.
13, 211, 1409
List the prime factors of 1804497.
3, 113, 5323
What are the prime factors of 2681839?
163, 16453
List the prime factors of 3998035.
5, 37, 21611
List the prime factors of 11815131.
3, 19, 53, 3911
List the prime factors of 4742072.
2, 592759
List the prime factors of 145698.
2, 3, 7, 3469
List the prime factors of 179721.
3, 19, 1051
What are the prime factors of 10934453?
23, 199, 2389
List the prime factors of 4087891.
4087891
List the prime factors of 854637.
3, 7, 40697
What are the prime factors of 12333519?
3, 11, 131, 317
What are the prime factors of 13042260?
2, 3, 5, 7, 11, 941
What are the prime factors of 817847?
47, 17401
What are the prime factors of 30639945?
3, 5, 7, 41687
What are the prime factors of 411923?
411923
What are the prime factors of 192570?
2, 3, 5, 7, 131
What are the prime factors of 237604?
2, 191, 311
List the prime factors of 1434115.
5, 233, 1231
What are the prime factors of 767023?
17, 45119
What are the prime factors of 6846039?
3, 9391
What are the prime factors of 11229399?
3, 19, 97, 677
What are the prime factors of 430151?
17, 25303
What are the prime factors of 1093528?
2, 136691
List the prime factors of 13968135.
3, 5, 17, 19, 31
List the prime factors of 2380917.
3, 7, 11, 937
List the prime factors of 84217.
7, 53, 227
What are the prime factors of 8984169?
3, 19, 83, 211
What are the prime factors of 3677128?
2, 7, 13, 5051
What are the prime factors of 7208784?
2, 3, 11, 37, 41
List the prime factors of 373283.
43, 8681
List the prime factors of 9776914.
2, 7, 317, 2203
List the prime factors of 100535.
5, 20107
List the prime factors of 6107507.
7, 124643
List the prime factors of 14716256.
2, 459883
List the prime factors of 27137724.
2, 3, 37, 61121
What are the prime factors of 459604?
2, 114901
List the prime factors of 9679143.
3, 73, 193, 229
List the prime factors of 244132.
2, 7, 8719
What are the prime factors of 16812?
2, 3, 467
List the prime factors of 2795905.
5, 7, 17, 37, 127
List the prime factors of 1875588.
2, 3, 11, 13, 1093
What are the prime factors of 1271795?
5, 7, 29, 179
What are the prime factors of 9643201?
31, 277, 1123
List the prime factors of 1949566.
2, 67, 14549
What are the prime factors of 179049?
3, 13, 4591
List the prime factors of 2227897.
7, 318271
List the prime factors of 251910.
2, 3, 5, 311
What are the prime factors of 52867?
29, 1823
List the prime factors of 11799066.
2, 3, 1966511
What are the prime factors of 161966?
2, 7, 23, 503
What are the prime factors of 655811?
13, 61, 827
What are the prime factors of 7165163?
491, 14593
What are the prime factors of 525211?
263, 1997
List the prime factors of 8148.
2, 3, 7, 97
List the prime factors of 306042.
2, 3, 11, 4637
What are the prime factors of 55193?
97, 569
What are the prime factors of 11082638?
2, 7, 97, 8161
What are the prime factors of 1322720?
2, 5, 7, 1181
List the prime factors of 10434954.
2, 3, 29, 59971
List the prime factors of 10436746.
2, 59, 241, 367
List the prime factors of 171684.
2, 3, 19, 251
List the prime factors of 823203.
3, 10163
What are the prime factors of 585389?
7, 241, 347
List the prime factors of 155839.
17, 89, 103
List the prime factors of 659527.
11, 59957
What are the prime factors of 141664?
2, 19, 233
What are the prime factors of 3190958?
2, 307, 5197
List the prime factors of 11328459.
3, 3776153
What are the prime factors of 44088377?
523, 84299
List the prime factors of 351652.
2, 7, 19, 661
What are the prime factors of 1029018?
2, 3, 41, 47, 89
What are the prime factors of 1742830?
2, 5, 397, 439
List the prime factors of 610355.
5, 59, 2069
List the prime factors of 4546959.
3, 173, 8761
What are the prime factors of 13270431?
3, 131, 33767
List the prime factors of 241423.
7, 13, 379
List the prime factors of 12617503.
12617503
What are the prime factors of 6758328?
2, 3, 379, 743
What are the prime factors of 1618478?
2, 809239
List the prime factors of 6990122.
2, 47, 74363
List the prime factors of 1435729.
23, 62423
List the prime factors of 2630825.
5, 47, 2239
List the prime factors of 3431782.
2, 41, 41851
List the prime factors of 731476.
2, 17, 31, 347
List the prime factors of 924443.
13, 17, 47, 89
List the prime factors of 205896.
2, 3, 23, 373
What are the prime factors of 557322?
2, 3, 29, 3203
List the prime factors of 4640068.
2, 283, 4099
List the prime factors of 1410762.
2, 3, 17, 13831
What are the prime factors of 14456593?
59, 4153
List the prime factors of 7713403.
353, 21851
What are the prime factors of 13993143?
3, 4664381
List the prime factors of 126913.
126913
List the prime factors of 157383.
3, 29, 67
List the prime factors of 446816.
2, 13963
List the prime factors of 84640.
2, 5, 23
List the prime factors of 1700203.
59, 28817
What are the prime factors of 4976743?
157, 31699
What are the prime factors of 4820685?
3, 5, 23, 89, 157
What are the prime factors of 796387?
796387
What are the prime factors of 100171?
109, 919
List the prime factors of 26477.
11, 29, 83
What are the prime factors of 661125?
3, 5, 41, 43
List the prime factors of 1044167.
1044167
List the prime factors of 152060.
2, 5, 7603
What are the prime factors of 736215?
3, 5, 49081
List the prime factors of 499635.
3, 5, 3701
What are the prime factors of 36257155?
5, 11, 659221
What are the prime factors of 235514?
2, 117757
What are the prime factors of 4285689?
3, 41, 34843
List the prime factors of 147991.
19, 7789
What are the prime factors of 5120?
2, 5
What are the prime factors of 781794?
2, 3, 13, 257
List the prime factors of 11456315.
5, 13, 337, 523
What are the prime factors of 184225?
5, 7369
List the prime factors of 1870239.
3, 7, 29, 37, 83
What are the prime factors of 743239?
7, 89, 1193
What are the prime factors of 2159140?
2, 5, 89, 1213
List the prime factors of 11984534.
2, 5992267
List the prime factors of 46325.
5, 17, 109
What are the prime factors of 1118278?
2, 7, 11411
List the prime factors of 4760813.
971, 4903
List the prime factors of 3168712.
2, 431, 919
What are the prime factors of 2308688?
2, 313, 461
List the prime factors of 432078.
2, 3, 23, 31, 101
List the prime factors of 162414.
2, 3, 7, 1289
List the prime factors of 392500.
2, 5, 157
List the prime factors of 456070.
2, 5, 59, 773
What are the prime factors of 3967140?
2, 3, 5, 37, 1787
What are the prime factors of 6186046?
2, 47, 65809
What are the prime factors of 1061673?
3, 353891
What are the prime factors of 6069072?
2, 3, 227, 557
What are the prime factors of 3709706?
2, 7, 11, 13, 17, 109
What are the prime factor